{"id":9747,"date":"2017-06-27T08:58:33","date_gmt":"2017-06-27T06:58:33","guid":{"rendered":"https:\/\/colegio.sanjaimemoncada.es\/univ-catolica-valencia\/"},"modified":"2019-02-10T20:29:57","modified_gmt":"2019-02-10T19:29:57","slug":"univ-catolica-valencia","status":"publish","type":"page","link":"https:\/\/colegio.sanjaimemoncada.es\/va\/univ-catolica-valencia\/","title":{"rendered":"Universitat Cat\u00f2lica de Val\u00e8ncia"},"content":{"rendered":"<h1 class=\"cs-page-title\" style=\"text-align: center;\"><b>Beques Universitat Cat\u00f2lica de Val\u00e8ncia per a alumnes de Col\u00b7legis Diocesans<\/b><\/h1>\n<p><span style=\"font-weight: 400;\">S&#8217;ofereixen 2 beques per a alumnes del nostre col\u00b7legi, del 50% del cost de l&#8217;ensenyament, una per a la branca de ci\u00e8ncies i una altra per a la de lletres.<\/span><\/p>\n<p><span style=\"font-weight: 400;\">Les beques s\u00f3n per a alumnes que vagen a cursar el 1r GRAU en el curs 2017\/2018.<\/span><\/p>\n<p><span style=\"font-weight: 400;\">La <strong>data<\/strong> de sol\u00b7licitud \u00e9s del 19 de juny al 21 de juliol de 2017<\/span><\/p>\n<p><span style=\"font-weight: 400;\"><strong>Requisits m\u00ednims<\/strong> per a poder sol\u00b7licitar la beca:<\/span><\/p>\n<p><b>Acad\u00e8mics:<\/b><\/p>\n<ul>\n<li style=\"font-weight: 400;\"><span style=\"font-weight: 400;\">Que l&#8217;alumne s&#8217;haja matriculat en qualsevol dels graus de la UCV.<\/span><\/li>\n<li style=\"font-weight: 400;\"><span style=\"font-weight: 400;\">Que l&#8217;alumne tinga una nota m\u00ednima en base 10, d&#8217;acc\u00e9s a la Universitat de:<\/span><\/li>\n<\/ul>\n<ul>\n<li style=\"list-style-type: none;\">\n<ul>\n<li style=\"font-weight: 400;\"><span style=\"font-weight: 400;\">8.0 per a Medicina.<\/span><\/li>\n<li style=\"font-weight: 400;\"><span style=\"font-weight: 400;\">7.5 per a Odontologia, Veterin\u00e0ria i Fisioter\u00e0pia.<\/span><\/li>\n<li style=\"font-weight: 400;\"><span style=\"font-weight: 400;\">7.0 per a Ci\u00e8ncies del Mar, Nutrici\u00f3 i Diet\u00e8tica, Infermeria, Biotecnologia i Podologia.<\/span><\/li>\n<li style=\"font-weight: 400;\"><span style=\"font-weight: 400;\">6.5 per a la resta de titulacions.<\/span><\/li>\n<li style=\"font-weight: 400;\"><b>Econ\u00f2mics:<\/b>\n<ul>\n<li style=\"font-weight: 400;\"><span style=\"font-weight: 400;\">Renda per c\u00e0pita, m\u00e0xim 10.000,00 Euros (aproximadament)<\/span><\/li>\n<\/ul>\n<\/li>\n<\/ul>\n<\/li>\n<\/ul>\n<p><b>En qu\u00e8 consisteix?<\/b><\/p>\n<ul>\n<li style=\"font-weight: 400;\"><span style=\"font-weight: 400;\">Les beques de col\u00b7laboraci\u00f3 s\u00f3n treballs realitzats en diversos serveis de la Universitat a canvi d&#8217;una reducci\u00f3 del 50% en el cost de l&#8217;ensenyament.<\/span><\/li>\n<li style=\"font-weight: 400;\"><span style=\"font-weight: 400;\">El total d&#8217;hores que ha de realitzar l&#8217;alumne al llarg del curs \u00e9s de 320. Per a distribuir aquestes hores sense que afecten el bon funcionament acad\u00e8mic de l&#8217;alumne, es t\u00e9 present el seu horari en la distribuci\u00f3.<\/span><\/li>\n<li style=\"font-weight: 400;\"><span style=\"font-weight: 400;\">L&#8217;alumne s&#8217;incorporar\u00e0 al departament assignat a partir de novembre.<\/span><\/li>\n<li style=\"font-weight: 400;\"><span style=\"font-weight: 400;\">Aquesta beca \u00e9s incompatible amb qualsevol altre descompte de la *UCV.<\/span><\/li>\n<\/ul>\n<p><span style=\"font-weight: 400;\">Els alumnes que estiguen interessats que passen pel col\u00b7legi i parlen amb subdirecci\u00f3.<\/span><\/p>\n<p><img decoding=\"async\" class=\"aligncenter\" src=\"https:\/\/colegio.sanjaimemoncada.es\/wp-content\/uploads\/2017\/06\/UCV-2.jpg\" \/><\/p>\n","protected":false},"excerpt":{"rendered":"<p>Beques Universitat Cat\u00f2lica de Val\u00e8ncia per a alumnes de Col\u00b7legis Diocesans S&#8217;ofereixen 2 beques per a alumnes del nostre col\u00b7legi, del 50% del cost de l&#8217;ensenyament, una per a la branca de ci\u00e8ncies i una altra per a la de lletres. Les beques s\u00f3n per a alumnes que vagen a cursar el 1r GRAU en [&hellip;]<\/p>\n","protected":false},"author":4,"featured_media":0,"parent":0,"menu_order":0,"comment_status":"closed","ping_status":"closed","template":"","meta":{"_monsterinsights_skip_tracking":false,"_monsterinsights_sitenote_active":false,"_monsterinsights_sitenote_note":"","_monsterinsights_sitenote_category":0,"footnotes":""},"class_list":["post-9747","page","type-page","status-publish","hentry"],"yoast_head":"<!-- This site is optimized with the Yoast SEO plugin v26.2 - https:\/\/yoast.com\/wordpress\/plugins\/seo\/ -->\n<title>Universitat Cat\u00f2lica de Val\u00e8ncia - C. Parroquial San Jaime Ap\u00f3stol<\/title>\n<meta name=\"robots\" content=\"index, follow, max-snippet:-1, max-image-preview:large, max-video-preview:-1\" \/>\n<link rel=\"canonical\" href=\"https:\/\/colegio.sanjaimemoncada.es\/univ-catolica-valencia\/\" \/>\n<meta property=\"og:locale\" content=\"en_US\" \/>\n<meta property=\"og:type\" content=\"article\" \/>\n<meta property=\"og:title\" content=\"Universitat Cat\u00f2lica de Val\u00e8ncia - C. Parroquial San Jaime Ap\u00f3stol\" \/>\n<meta property=\"og:description\" content=\"Beques Universitat Cat\u00f2lica de Val\u00e8ncia per a alumnes de Col\u00b7legis Diocesans S&#8217;ofereixen 2 beques per a alumnes del nostre col\u00b7legi, del 50% del cost de l&#8217;ensenyament, una per a la branca de ci\u00e8ncies i una altra per a la de lletres. Les beques s\u00f3n per a alumnes que vagen a cursar el 1r GRAU en [&hellip;]\" \/>\n<meta property=\"og:url\" content=\"https:\/\/colegio.sanjaimemoncada.es\/univ-catolica-valencia\/\" \/>\n<meta property=\"og:site_name\" content=\"C. Parroquial San Jaime Ap\u00f3stol\" \/>\n<meta property=\"article:modified_time\" content=\"2019-02-10T19:29:57+00:00\" \/>\n<meta property=\"og:image\" content=\"https:\/\/colegio.sanjaimemoncada.es\/wp-content\/uploads\/2017\/06\/UCV-2.jpg\" \/>\n<meta name=\"twitter:card\" content=\"summary_large_image\" \/>\n<meta name=\"twitter:label1\" content=\"Est. reading time\" \/>\n\t<meta name=\"twitter:data1\" content=\"1 minute\" \/>\n<script type=\"application\/ld+json\" class=\"yoast-schema-graph\">{\"@context\":\"https:\/\/schema.org\",\"@graph\":[{\"@type\":\"WebPage\",\"@id\":\"https:\/\/colegio.sanjaimemoncada.es\/univ-catolica-valencia\/\",\"url\":\"https:\/\/colegio.sanjaimemoncada.es\/univ-catolica-valencia\/\",\"name\":\"Universitat Cat\u00f2lica de Val\u00e8ncia - C. Parroquial San Jaime Ap\u00f3stol\",\"isPartOf\":{\"@id\":\"https:\/\/colegio.sanjaimemoncada.es\/#website\"},\"primaryImageOfPage\":{\"@id\":\"https:\/\/colegio.sanjaimemoncada.es\/univ-catolica-valencia\/#primaryimage\"},\"image\":{\"@id\":\"https:\/\/colegio.sanjaimemoncada.es\/univ-catolica-valencia\/#primaryimage\"},\"thumbnailUrl\":\"https:\/\/colegio.sanjaimemoncada.es\/wp-content\/uploads\/2017\/06\/UCV-2.jpg\",\"datePublished\":\"2017-06-27T06:58:33+00:00\",\"dateModified\":\"2019-02-10T19:29:57+00:00\",\"breadcrumb\":{\"@id\":\"https:\/\/colegio.sanjaimemoncada.es\/univ-catolica-valencia\/#breadcrumb\"},\"inLanguage\":\"va\",\"potentialAction\":[{\"@type\":\"ReadAction\",\"target\":[\"https:\/\/colegio.sanjaimemoncada.es\/univ-catolica-valencia\/\"]}]},{\"@type\":\"ImageObject\",\"inLanguage\":\"va\",\"@id\":\"https:\/\/colegio.sanjaimemoncada.es\/univ-catolica-valencia\/#primaryimage\",\"url\":\"https:\/\/colegio.sanjaimemoncada.es\/wp-content\/uploads\/2017\/06\/UCV-2.jpg\",\"contentUrl\":\"https:\/\/colegio.sanjaimemoncada.es\/wp-content\/uploads\/2017\/06\/UCV-2.jpg\"},{\"@type\":\"BreadcrumbList\",\"@id\":\"https:\/\/colegio.sanjaimemoncada.es\/univ-catolica-valencia\/#breadcrumb\",\"itemListElement\":[{\"@type\":\"ListItem\",\"position\":1,\"name\":\"Portada\",\"item\":\"https:\/\/colegio.sanjaimemoncada.es\/va\/\"},{\"@type\":\"ListItem\",\"position\":2,\"name\":\"Universitat Cat\u00f2lica de Val\u00e8ncia\"}]},{\"@type\":\"WebSite\",\"@id\":\"https:\/\/colegio.sanjaimemoncada.es\/#website\",\"url\":\"https:\/\/colegio.sanjaimemoncada.es\/\",\"name\":\"C. Parroquial San Jaime Ap\u00f3stol\",\"description\":\"\",\"potentialAction\":[{\"@type\":\"SearchAction\",\"target\":{\"@type\":\"EntryPoint\",\"urlTemplate\":\"https:\/\/colegio.sanjaimemoncada.es\/?s={search_term_string}\"},\"query-input\":{\"@type\":\"PropertyValueSpecification\",\"valueRequired\":true,\"valueName\":\"search_term_string\"}}],\"inLanguage\":\"va\"}]}<\/script>\n<!-- \/ Yoast SEO plugin. -->","yoast_head_json":{"title":"Universitat Cat\u00f2lica de Val\u00e8ncia - C. Parroquial San Jaime Ap\u00f3stol","robots":{"index":"index","follow":"follow","max-snippet":"max-snippet:-1","max-image-preview":"max-image-preview:large","max-video-preview":"max-video-preview:-1"},"canonical":"https:\/\/colegio.sanjaimemoncada.es\/univ-catolica-valencia\/","og_locale":"en_US","og_type":"article","og_title":"Universitat Cat\u00f2lica de Val\u00e8ncia - C. Parroquial San Jaime Ap\u00f3stol","og_description":"Beques Universitat Cat\u00f2lica de Val\u00e8ncia per a alumnes de Col\u00b7legis Diocesans S&#8217;ofereixen 2 beques per a alumnes del nostre col\u00b7legi, del 50% del cost de l&#8217;ensenyament, una per a la branca de ci\u00e8ncies i una altra per a la de lletres. Les beques s\u00f3n per a alumnes que vagen a cursar el 1r GRAU en [&hellip;]","og_url":"https:\/\/colegio.sanjaimemoncada.es\/univ-catolica-valencia\/","og_site_name":"C. Parroquial San Jaime Ap\u00f3stol","article_modified_time":"2019-02-10T19:29:57+00:00","og_image":[{"url":"https:\/\/colegio.sanjaimemoncada.es\/wp-content\/uploads\/2017\/06\/UCV-2.jpg","type":"","width":"","height":""}],"twitter_card":"summary_large_image","twitter_misc":{"Est. reading time":"1 minute"},"schema":{"@context":"https:\/\/schema.org","@graph":[{"@type":"WebPage","@id":"https:\/\/colegio.sanjaimemoncada.es\/univ-catolica-valencia\/","url":"https:\/\/colegio.sanjaimemoncada.es\/univ-catolica-valencia\/","name":"Universitat Cat\u00f2lica de Val\u00e8ncia - C. Parroquial San Jaime Ap\u00f3stol","isPartOf":{"@id":"https:\/\/colegio.sanjaimemoncada.es\/#website"},"primaryImageOfPage":{"@id":"https:\/\/colegio.sanjaimemoncada.es\/univ-catolica-valencia\/#primaryimage"},"image":{"@id":"https:\/\/colegio.sanjaimemoncada.es\/univ-catolica-valencia\/#primaryimage"},"thumbnailUrl":"https:\/\/colegio.sanjaimemoncada.es\/wp-content\/uploads\/2017\/06\/UCV-2.jpg","datePublished":"2017-06-27T06:58:33+00:00","dateModified":"2019-02-10T19:29:57+00:00","breadcrumb":{"@id":"https:\/\/colegio.sanjaimemoncada.es\/univ-catolica-valencia\/#breadcrumb"},"inLanguage":"va","potentialAction":[{"@type":"ReadAction","target":["https:\/\/colegio.sanjaimemoncada.es\/univ-catolica-valencia\/"]}]},{"@type":"ImageObject","inLanguage":"va","@id":"https:\/\/colegio.sanjaimemoncada.es\/univ-catolica-valencia\/#primaryimage","url":"https:\/\/colegio.sanjaimemoncada.es\/wp-content\/uploads\/2017\/06\/UCV-2.jpg","contentUrl":"https:\/\/colegio.sanjaimemoncada.es\/wp-content\/uploads\/2017\/06\/UCV-2.jpg"},{"@type":"BreadcrumbList","@id":"https:\/\/colegio.sanjaimemoncada.es\/univ-catolica-valencia\/#breadcrumb","itemListElement":[{"@type":"ListItem","position":1,"name":"Portada","item":"https:\/\/colegio.sanjaimemoncada.es\/va\/"},{"@type":"ListItem","position":2,"name":"Universitat Cat\u00f2lica de Val\u00e8ncia"}]},{"@type":"WebSite","@id":"https:\/\/colegio.sanjaimemoncada.es\/#website","url":"https:\/\/colegio.sanjaimemoncada.es\/","name":"C. Parroquial San Jaime Ap\u00f3stol","description":"","potentialAction":[{"@type":"SearchAction","target":{"@type":"EntryPoint","urlTemplate":"https:\/\/colegio.sanjaimemoncada.es\/?s={search_term_string}"},"query-input":{"@type":"PropertyValueSpecification","valueRequired":true,"valueName":"search_term_string"}}],"inLanguage":"va"}]}},"_links":{"self":[{"href":"https:\/\/colegio.sanjaimemoncada.es\/va\/wp-json\/wp\/v2\/pages\/9747","targetHints":{"allow":["GET"]}}],"collection":[{"href":"https:\/\/colegio.sanjaimemoncada.es\/va\/wp-json\/wp\/v2\/pages"}],"about":[{"href":"https:\/\/colegio.sanjaimemoncada.es\/va\/wp-json\/wp\/v2\/types\/page"}],"author":[{"embeddable":true,"href":"https:\/\/colegio.sanjaimemoncada.es\/va\/wp-json\/wp\/v2\/users\/4"}],"replies":[{"embeddable":true,"href":"https:\/\/colegio.sanjaimemoncada.es\/va\/wp-json\/wp\/v2\/comments?post=9747"}],"version-history":[{"count":3,"href":"https:\/\/colegio.sanjaimemoncada.es\/va\/wp-json\/wp\/v2\/pages\/9747\/revisions"}],"predecessor-version":[{"id":12051,"href":"https:\/\/colegio.sanjaimemoncada.es\/va\/wp-json\/wp\/v2\/pages\/9747\/revisions\/12051"}],"wp:attachment":[{"href":"https:\/\/colegio.sanjaimemoncada.es\/va\/wp-json\/wp\/v2\/media?parent=9747"}],"curies":[{"name":"wp","href":"https:\/\/api.w.org\/{rel}","templated":true}]}}

Universitat Catòlica de València

<h1 class="cs-page-title" style="text-align: center;"><b>Beques Universitat Catòlica de València per a alumnes de Col·legis Diocesans</b></h1>
<p><span style="font-weight: 400;">S&#8217;ofereixen 2 beques per a alumnes del nostre col·legi, del 50% del cost de l&#8217;ensenyament, una per a la branca de ciències i una altra per a la de lletres.</span></p>
<p><span style="font-weight: 400;">Les beques són per a alumnes que vagen a cursar el 1r GRAU en el curs 2017/2018.</span></p>
<p><span style="font-weight: 400;">La <strong>data</strong> de sol·licitud és del 19 de juny al 21 de juliol de 2017</span></p>
<p><span style="font-weight: 400;"><strong>Requisits mínims</strong> per a poder sol·licitar la beca:</span></p>
<p><b>Acadèmics:</b></p>
<ul>
<li style="font-weight: 400;"><span style="font-weight: 400;">Que l&#8217;alumne s&#8217;haja matriculat en qualsevol dels graus de la UCV.</span></li>
<li style="font-weight: 400;"><span style="font-weight: 400;">Que l&#8217;alumne tinga una nota mínima en base 10, d&#8217;accés a la Universitat de:</span></li>
</ul>
<ul>
<li style="list-style-type: none;">
<ul>
<li style="font-weight: 400;"><span style="font-weight: 400;">8.0 per a Medicina.</span></li>
<li style="font-weight: 400;"><span style="font-weight: 400;">7.5 per a Odontologia, Veterinària i Fisioteràpia.</span></li>
<li style="font-weight: 400;"><span style="font-weight: 400;">7.0 per a Ciències del Mar, Nutrició i Dietètica, Infermeria, Biotecnologia i Podologia.</span></li>
<li style="font-weight: 400;"><span style="font-weight: 400;">6.5 per a la resta de titulacions.</span></li>
<li style="font-weight: 400;"><b>Econòmics:</b>
<ul>
<li style="font-weight: 400;"><span style="font-weight: 400;">Renda per càpita, màxim 10.000,00 Euros (aproximadament)</span></li>
</ul>
</li>
</ul>
</li>
</ul>
<p><b>En què consisteix?</b></p>
<ul>
<li style="font-weight: 400;"><span style="font-weight: 400;">Les beques de col·laboració són treballs realitzats en diversos serveis de la Universitat a canvi d&#8217;una reducció del 50% en el cost de l&#8217;ensenyament.</span></li>
<li style="font-weight: 400;"><span style="font-weight: 400;">El total d&#8217;hores que ha de realitzar l&#8217;alumne al llarg del curs és de 320. Per a distribuir aquestes hores sense que afecten el bon funcionament acadèmic de l&#8217;alumne, es té present el seu horari en la distribució.</span></li>
<li style="font-weight: 400;"><span style="font-weight: 400;">L&#8217;alumne s&#8217;incorporarà al departament assignat a partir de novembre.</span></li>
<li style="font-weight: 400;"><span style="font-weight: 400;">Aquesta beca és incompatible amb qualsevol altre descompte de la *UCV.</span></li>
</ul>
<p><span style="font-weight: 400;">Els alumnes que estiguen interessats que passen pel col·legi i parlen amb subdirecció.</span></p>
<p><img decoding="async" class="aligncenter" src="https://colegio.sanjaimemoncada.es/wp-content/uploads/2017/06/UCV-2.jpg" /></p>

<p>Beques Universitat Catòlica de València per a alumnes de Col·legis Diocesans S&#8217;ofereixen 2 beques per a alumnes del nostre col·legi, del 50% del cost de l&#8217;ensenyament, una per a la branca de ciències i una altra per a la de lletres. Les beques són per a alumnes que vagen a cursar el 1r GRAU en [&hellip;]</p>

<!-- This site is optimized with the Yoast SEO plugin v26.2 - https://yoast.com/wordpress/plugins/seo/ -->
<title>Universitat Catòlica de València - C. Parroquial San Jaime Apóstol</title>
<meta name="robots" content="index, follow, max-snippet:-1, max-image-preview:large, max-video-preview:-1" />
<link rel="canonical" href="https://colegio.sanjaimemoncada.es/univ-catolica-valencia/" />
<meta property="og:locale" content="en_US" />
<meta property="og:type" content="article" />
<meta property="og:title" content="Universitat Catòlica de València - C. Parroquial San Jaime Apóstol" />
<meta property="og:description" content="Beques Universitat Catòlica de València per a alumnes de Col·legis Diocesans S&#8217;ofereixen 2 beques per a alumnes del nostre col·legi, del 50% del cost de l&#8217;ensenyament, una per a la branca de ciències i una altra per a la de lletres. Les beques són per a alumnes que vagen a cursar el 1r GRAU en [&hellip;]" />
<meta property="og:url" content="https://colegio.sanjaimemoncada.es/univ-catolica-valencia/" />
<meta property="og:site_name" content="C. Parroquial San Jaime Apóstol" />
<meta property="article:modified_time" content="2019-02-10T19:29:57+00:00" />
<meta property="og:image" content="https://colegio.sanjaimemoncada.es/wp-content/uploads/2017/06/UCV-2.jpg" />
<meta name="twitter:card" content="summary_large_image" />
<meta name="twitter:label1" content="Est. reading time" />
	<meta name="twitter:data1" content="1 minute" />
<script type="application/ld+json" class="yoast-schema-graph">{"@context":"https://schema.org","@graph":[{"@type":"WebPage","@id":"https://colegio.sanjaimemoncada.es/univ-catolica-valencia/","url":"https://colegio.sanjaimemoncada.es/univ-catolica-valencia/","name":"Universitat Catòlica de València - C. Parroquial San Jaime Apóstol","isPartOf":{"@id":"https://colegio.sanjaimemoncada.es/#website"},"primaryImageOfPage":{"@id":"https://colegio.sanjaimemoncada.es/univ-catolica-valencia/#primaryimage"},"image":{"@id":"https://colegio.sanjaimemoncada.es/univ-catolica-valencia/#primaryimage"},"thumbnailUrl":"https://colegio.sanjaimemoncada.es/wp-content/uploads/2017/06/UCV-2.jpg","datePublished":"2017-06-27T06:58:33+00:00","dateModified":"2019-02-10T19:29:57+00:00","breadcrumb":{"@id":"https://colegio.sanjaimemoncada.es/univ-catolica-valencia/#breadcrumb"},"inLanguage":"va","potentialAction":[{"@type":"ReadAction","target":["https://colegio.sanjaimemoncada.es/univ-catolica-valencia/"]}]},{"@type":"ImageObject","inLanguage":"va","@id":"https://colegio.sanjaimemoncada.es/univ-catolica-valencia/#primaryimage","url":"https://colegio.sanjaimemoncada.es/wp-content/uploads/2017/06/UCV-2.jpg","contentUrl":"https://colegio.sanjaimemoncada.es/wp-content/uploads/2017/06/UCV-2.jpg"},{"@type":"BreadcrumbList","@id":"https://colegio.sanjaimemoncada.es/univ-catolica-valencia/#breadcrumb","itemListElement":[{"@type":"ListItem","position":1,"name":"Portada","item":"https://colegio.sanjaimemoncada.es/va/"},{"@type":"ListItem","position":2,"name":"Universitat Catòlica de València"}]},{"@type":"WebSite","@id":"https://colegio.sanjaimemoncada.es/#website","url":"https://colegio.sanjaimemoncada.es/","name":"C. Parroquial San Jaime Apóstol","description":"","potentialAction":[{"@type":"SearchAction","target":{"@type":"EntryPoint","urlTemplate":"https://colegio.sanjaimemoncada.es/?s={search_term_string}"},"query-input":{"@type":"PropertyValueSpecification","valueRequired":true,"valueName":"search_term_string"}}],"inLanguage":"va"}]}</script>
<!-- / Yoast SEO plugin. -->

Universitat Catòlica de València - C. Parroquial San Jaime Apóstol

Beques Universitat Catòlica de València per a alumnes de Col·legis Diocesans S&#8217;ofereixen 2 beques per a alumnes del nostre col·legi, del 50% del cost de l&#8217;ensenyament, una per a la branca de ciències i una altra per a la de lletres. Les beques són per a alumnes que vagen a cursar el 1r GRAU en [&hellip;]

C. Parroquial San Jaime Apóstol
