{"version":"1.0","provider_name":"C. Parroquial San Jaime Ap\u00f3stol","provider_url":"https:\/\/colegio.sanjaimemoncada.es\/va\/","author_name":"Miguel Angel Llibrer","author_url":"https:\/\/colegio.sanjaimemoncada.es\/va\/author\/miguel-angel-llibrer\/","title":"Visita de Cicles Formatius a la fira de Val\u00e8ncia \"2 Rodes\" - C. Parroquial San Jaime Ap\u00f3stol","type":"rich","width":600,"height":338,"html":"<blockquote class=\"wp-embedded-content\" data-secret=\"4aHZ16LUIh\"><a href=\"https:\/\/colegio.sanjaimemoncada.es\/va\/visita-ciclos-formativos-la-feria-2-rodes\/\">Visita de Cicles Formatius a la fira de Val\u00e8ncia &#8220;2 Rodes&#8221;<\/a><\/blockquote><iframe sandbox=\"allow-scripts\" security=\"restricted\" src=\"https:\/\/colegio.sanjaimemoncada.es\/va\/visita-ciclos-formativos-la-feria-2-rodes\/embed\/#?secret=4aHZ16LUIh\" width=\"600\" height=\"338\" title=\"&#8220;Visita de Cicles Formatius a la fira de Val\u00e8ncia &#8220;2 Rodes&#8221;&#8221; &#8212; C. Parroquial San Jaime Ap\u00f3stol\" data-secret=\"4aHZ16LUIh\" frameborder=\"0\" marginwidth=\"0\" marginheight=\"0\" scrolling=\"no\" class=\"wp-embedded-content\"><\/iframe><script type=\"text\/javascript\">\n\/* <![CDATA[ *\/\n\/*! This file is auto-generated *\/\n!function(d,l){\"use strict\";l.querySelector&&d.addEventListener&&\"undefined\"!=typeof URL&&(d.wp=d.wp||{},d.wp.receiveEmbedMessage||(d.wp.receiveEmbedMessage=function(e){var t=e.data;if((t||t.secret||t.message||t.value)&&!\/[^a-zA-Z0-9]\/.test(t.secret)){for(var s,r,n,a=l.querySelectorAll('iframe[data-secret=\"'+t.secret+'\"]'),o=l.querySelectorAll('blockquote[data-secret=\"'+t.secret+'\"]'),c=new RegExp(\"^https?:$\",\"i\"),i=0;i<o.length;i++)o[i].style.display=\"none\";for(i=0;i<a.length;i++)s=a[i],e.source===s.contentWindow&&(s.removeAttribute(\"style\"),\"height\"===t.message?(1e3<(r=parseInt(t.value,10))?r=1e3:~~r<200&&(r=200),s.height=r):\"link\"===t.message&&(r=new URL(s.getAttribute(\"src\")),n=new URL(t.value),c.test(n.protocol))&&n.host===r.host&&l.activeElement===s&&(d.top.location.href=t.value))}},d.addEventListener(\"message\",d.wp.receiveEmbedMessage,!1),l.addEventListener(\"DOMContentLoaded\",function(){for(var e,t,s=l.querySelectorAll(\"iframe.wp-embedded-content\"),r=0;r<s.length;r++)(t=(e=s[r]).getAttribute(\"data-secret\"))||(t=Math.random().toString(36).substring(2,12),e.src+=\"#?secret=\"+t,e.setAttribute(\"data-secret\",t)),e.contentWindow.postMessage({message:\"ready\",secret:t},\"*\")},!1)))}(window,document);\n\/* ]]> *\/\n<\/script>\n","thumbnail_url":"https:\/\/colegio.sanjaimemoncada.es\/wp-content\/uploads\/2019\/11\/49064002387_ae2a6e33d9_o.jpg","thumbnail_width":576,"thumbnail_height":256,"description":"Els Alumnes de Cicles Formatius d&#8217;Electromec\u00e0nica de Vehicles i d&#8217;Automoci\u00f3 han assistit, com tots els anys, al Sal\u00f3 de la Moto i la Bicicleta de Val\u00e8ncia \u00ab2 Rodes\u00bb, on han pogut gaudir de totes les marques del mercat de bicis i motos, els \u00faltims models, activitats i moda motera i esport de les 2 rodes."}

C. Parroquial San Jaime Apóstol

Visita de Cicles Formatius a la fira de València "2 Rodes" - C. Parroquial San Jaime Apóstol

<blockquote class="wp-embedded-content" data-secret="4aHZ16LUIh"><a href="https://colegio.sanjaimemoncada.es/va/visita-ciclos-formativos-la-feria-2-rodes/">Visita de Cicles Formatius a la fira de València &#8220;2 Rodes&#8221;</a></blockquote><iframe sandbox="allow-scripts" security="restricted" src="https://colegio.sanjaimemoncada.es/va/visita-ciclos-formativos-la-feria-2-rodes/embed/#?secret=4aHZ16LUIh" width="600" height="338" title="&#8220;Visita de Cicles Formatius a la fira de València &#8220;2 Rodes&#8221;&#8221; &#8212; C. Parroquial San Jaime Apóstol" data-secret="4aHZ16LUIh" frameborder="0" marginwidth="0" marginheight="0" scrolling="no" class="wp-embedded-content"></iframe><script type="text/javascript">
/* <![CDATA[ */
/*! This file is auto-generated */
!function(d,l){"use strict";l.querySelector&&d.addEventListener&&"undefined"!=typeof URL&&(d.wp=d.wp||{},d.wp.receiveEmbedMessage||(d.wp.receiveEmbedMessage=function(e){var t=e.data;if((t||t.secret||t.message||t.value)&&!/[^a-zA-Z0-9]/.test(t.secret)){for(var s,r,n,a=l.querySelectorAll('iframe[data-secret="'+t.secret+'"]'),o=l.querySelectorAll('blockquote[data-secret="'+t.secret+'"]'),c=new RegExp("^https?:$","i"),i=0;i<o.length;i++)o[i].style.display="none";for(i=0;i<a.length;i++)s=a[i],e.source===s.contentWindow&&(s.removeAttribute("style"),"height"===t.message?(1e3<(r=parseInt(t.value,10))?r=1e3:~~r<200&&(r=200),s.height=r):"link"===t.message&&(r=new URL(s.getAttribute("src")),n=new URL(t.value),c.test(n.protocol))&&n.host===r.host&&l.activeElement===s&&(d.top.location.href=t.value))}},d.addEventListener("message",d.wp.receiveEmbedMessage,!1),l.addEventListener("DOMContentLoaded",function(){for(var e,t,s=l.querySelectorAll("iframe.wp-embedded-content"),r=0;r<s.length;r++)(t=(e=s[r]).getAttribute("data-secret"))||(t=Math.random().toString(36).substring(2,12),e.src+="#?secret="+t,e.setAttribute("data-secret",t)),e.contentWindow.postMessage({message:"ready",secret:t},"*")},!1)))}(window,document);
/* ]]> */
</script>

Els Alumnes de Cicles Formatius d&#8217;Electromecànica de Vehicles i d&#8217;Automoció han assistit, com tots els anys, al Saló de la Moto i la Bicicleta de València «2 Rodes», on han pogut gaudir de totes les marques del mercat de bicis i motos, els últims models, activitats i moda motera i esport de les 2 rodes.
