{"version":"1.0","provider_name":"C. Parroquial San Jaime Ap\u00f3stol","provider_url":"https:\/\/colegio.sanjaimemoncada.es\/en\/","author_name":"Secretaria San Jaime","author_url":"https:\/\/colegio.sanjaimemoncada.es\/en\/author\/secretaria\/","title":"JORNADAS DE PUERTAS ABIERTAS - C. Parroquial San Jaime Ap\u00f3stol","type":"rich","width":600,"height":338,"html":"<blockquote class=\"wp-embedded-content\" data-secret=\"PewOVZYhW0\"><a href=\"https:\/\/colegio.sanjaimemoncada.es\/en\/jornadas-puertas-abiertas\/\">JORNADAS DE PUERTAS ABIERTAS<\/a><\/blockquote><iframe sandbox=\"allow-scripts\" security=\"restricted\" src=\"https:\/\/colegio.sanjaimemoncada.es\/en\/jornadas-puertas-abiertas\/embed\/#?secret=PewOVZYhW0\" width=\"600\" height=\"338\" title=\"&#8220;JORNADAS DE PUERTAS ABIERTAS&#8221; &#8212; C. Parroquial San Jaime Ap\u00f3stol\" data-secret=\"PewOVZYhW0\" frameborder=\"0\" marginwidth=\"0\" marginheight=\"0\" scrolling=\"no\" class=\"wp-embedded-content\"><\/iframe><script type=\"text\/javascript\">\n\/* <![CDATA[ *\/\n\/*! This file is auto-generated *\/\n!function(d,l){\"use strict\";l.querySelector&&d.addEventListener&&\"undefined\"!=typeof URL&&(d.wp=d.wp||{},d.wp.receiveEmbedMessage||(d.wp.receiveEmbedMessage=function(e){var t=e.data;if((t||t.secret||t.message||t.value)&&!\/[^a-zA-Z0-9]\/.test(t.secret)){for(var s,r,n,a=l.querySelectorAll('iframe[data-secret=\"'+t.secret+'\"]'),o=l.querySelectorAll('blockquote[data-secret=\"'+t.secret+'\"]'),c=new RegExp(\"^https?:$\",\"i\"),i=0;i<o.length;i++)o[i].style.display=\"none\";for(i=0;i<a.length;i++)s=a[i],e.source===s.contentWindow&&(s.removeAttribute(\"style\"),\"height\"===t.message?(1e3<(r=parseInt(t.value,10))?r=1e3:~~r<200&&(r=200),s.height=r):\"link\"===t.message&&(r=new URL(s.getAttribute(\"src\")),n=new URL(t.value),c.test(n.protocol))&&n.host===r.host&&l.activeElement===s&&(d.top.location.href=t.value))}},d.addEventListener(\"message\",d.wp.receiveEmbedMessage,!1),l.addEventListener(\"DOMContentLoaded\",function(){for(var e,t,s=l.querySelectorAll(\"iframe.wp-embedded-content\"),r=0;r<s.length;r++)(t=(e=s[r]).getAttribute(\"data-secret\"))||(t=Math.random().toString(36).substring(2,12),e.src+=\"#?secret=\"+t,e.setAttribute(\"data-secret\",t)),e.contentWindow.postMessage({message:\"ready\",secret:t},\"*\")},!1)))}(window,document);\n\/* ]]> *\/\n<\/script>\n","thumbnail_url":"https:\/\/colegio.sanjaimemoncada.es\/wp-content\/uploads\/2018\/04\/Cartel-Web-Portes-Obertes.png","thumbnail_width":877,"thumbnail_height":722,"description":"Tal y como venimos realizando hasta ahora, el centro realizar\u00e1 unas jornadas de puertas abiertas para que todos aquellos que est\u00e9is interesados pod\u00e1is conocer de primera mano como es el centro, nuestro proyecto educativo y al profesorado: &nbsp;"}

C. Parroquial San Jaime Apóstol

JORNADAS DE PUERTAS ABIERTAS - C. Parroquial San Jaime Apóstol

<blockquote class="wp-embedded-content" data-secret="PewOVZYhW0"><a href="https://colegio.sanjaimemoncada.es/en/jornadas-puertas-abiertas/">JORNADAS DE PUERTAS ABIERTAS</a></blockquote><iframe sandbox="allow-scripts" security="restricted" src="https://colegio.sanjaimemoncada.es/en/jornadas-puertas-abiertas/embed/#?secret=PewOVZYhW0" width="600" height="338" title="&#8220;JORNADAS DE PUERTAS ABIERTAS&#8221; &#8212; C. Parroquial San Jaime Apóstol" data-secret="PewOVZYhW0" frameborder="0" marginwidth="0" marginheight="0" scrolling="no" class="wp-embedded-content"></iframe><script type="text/javascript">
/* <![CDATA[ */
/*! This file is auto-generated */
!function(d,l){"use strict";l.querySelector&&d.addEventListener&&"undefined"!=typeof URL&&(d.wp=d.wp||{},d.wp.receiveEmbedMessage||(d.wp.receiveEmbedMessage=function(e){var t=e.data;if((t||t.secret||t.message||t.value)&&!/[^a-zA-Z0-9]/.test(t.secret)){for(var s,r,n,a=l.querySelectorAll('iframe[data-secret="'+t.secret+'"]'),o=l.querySelectorAll('blockquote[data-secret="'+t.secret+'"]'),c=new RegExp("^https?:$","i"),i=0;i<o.length;i++)o[i].style.display="none";for(i=0;i<a.length;i++)s=a[i],e.source===s.contentWindow&&(s.removeAttribute("style"),"height"===t.message?(1e3<(r=parseInt(t.value,10))?r=1e3:~~r<200&&(r=200),s.height=r):"link"===t.message&&(r=new URL(s.getAttribute("src")),n=new URL(t.value),c.test(n.protocol))&&n.host===r.host&&l.activeElement===s&&(d.top.location.href=t.value))}},d.addEventListener("message",d.wp.receiveEmbedMessage,!1),l.addEventListener("DOMContentLoaded",function(){for(var e,t,s=l.querySelectorAll("iframe.wp-embedded-content"),r=0;r<s.length;r++)(t=(e=s[r]).getAttribute("data-secret"))||(t=Math.random().toString(36).substring(2,12),e.src+="#?secret="+t,e.setAttribute("data-secret",t)),e.contentWindow.postMessage({message:"ready",secret:t},"*")},!1)))}(window,document);
/* ]]> */
</script>

Tal y como venimos realizando hasta ahora, el centro realizará unas jornadas de puertas abiertas para que todos aquellos que estéis interesados podáis conocer de primera mano como es el centro, nuestro proyecto educativo y al profesorado: &nbsp;
